-232111
234606 (base 7) to base 9
64250
-100101111111 (base 2) to base 13
-1150
1100000200 (base 3) to base 12
13246
-374 (base 15) to base 5
-11114
Convert -8524 (base 10) to base 6.
-103244
What is b94 (base 16) in base 3?
11001210
Convert 1212200 (base 3) to base 4.
111120
What is 1a61 (base 12) in base 16?
ca9
What is -1201 (base 5) in base 14?
-c8
Convert 10001001011 (base 2) to base 3.
1111201
What is c76 (base 16) in base 15?
e2a
What is -10323 (base 4) in base 13?
-1b3
388 (base 13) to base 10
619
Convert -6560 (base 12) to base 10.
-11160
What is 3938a (base 11) in base 12?
2874b
What is -41044 (base 7) in base 2?
-10011011111011
Convert 1102122 (base 3) to base 5.
13133
Convert 1011232 (base 4) to base 15.
14c7
Convert 1b5 (base 15) to base 11.
32a
931 (base 14) to base 11
13a3
Convert -651 (base 13) to base 10.
-1080
What is 1338 (base 10) in base 14?
6b8
-100211020 (base 3) to base 6
-53053
What is -44032 (base 5) in base 4?
-233021
Convert 24430 (base 8) to base 16.
2918
56f (base 16) to base 4
111233
-5a36 (base 14) to base 3
-210120112
-630 (base 12) to base 11
-749
Convert -447 (base 10) to base 13.
-285
-303 (base 16) to base 7
-2151
-523 (base 13) to base 8
-1552
-158 (base 16) to base 14
-1a8
-4770 (base 8) to base 7
-10304
-201134 (base 5) to base 6
-45415
What is -10101010010111 (base 2) in base 13?
-4c69
What is 15 (base 9) in base 11?
13
Convert 26487 (base 10) to base 7.
140136
What is -642b (base 15) in base 9?
-32055
11001110011000 (base 2) to base 10
13208
What is -54574 (base 10) in base 4?
-31110232
What is 102 (base 5) in base 12?
23
Convert 23a78 (base 12) to base 5.
3020223
What is 37504 (base 10) in base 8?
111200
Convert 315 (base 14) to base 12.
427
Convert 22011112 (base 3) to base 8.
13502
What is 1022112 (base 3) in base 6?
4235
-1533 (base 6) to base 3
-120110
Convert 1326a (base 11) to base 5.
1101302
What is -1341110 (base 5) in base 2?
-110110000000111
264 (base 13) to base 14
220
-10011100100110 (base 2) to base 6
-114222
Convert -44 (base 15) to base 14.
-48
54 (base 7) to base 6
103
4d9 (base 16) to base 14
649
-1084 (base 12) to base 5
-24303
-63504 (base 7) to base 5
-1000214
Convert 5480 (base 10) to base 3.
21111222
What is -4553 (base 6) in base 14?
-56d
d6cf (base 16) to base 13
1c051
-1101001 (base 3) to base 12
-6b4
What is 1100010000 (base 2) in base 15?
374
Convert -2062 (base 9) to base 16.
-5ea
What is -6332 (base 12) in base 9?
-15772
9956 (base 11) to base 7
53164
What is 1017 (base 13) in base 3?
10001010
What is 87c7 (base 14) in base 12?
11723
Convert 2055 (base 6) to base 8.
723
What is -30103 (base 5) in base 11?
-1480
Convert -303 (base 5) to base 14.
-58
What is -2124 (base 5) in base 12?
-201
Convert 502 (base 8) to base 13.
1ba
656 (base 8) to base 15
1da
What is -61a (base 15) in base 4?
-111133
What is 20552 (base 6) in base 10?
2804
-20201 (base 4) to base 7
-1406
Convert -233132 (base 4) to base 6.
-22022
-323442 (base 6) to base 8
-64162
What is -200201002 (base 3) in base 15?
-4092
What is -1331 (base 6) in base 11?
-292
Convert 54151 (base 6) to base 15.
22e1
What is -20407 (base 9) in base 8?
-32215
2417 (base 16) to base 4
2100113
7694 (base 10) to base 15
242e
Convert 2781 (base 9) to base 11.
1638
What is -3009 (base 15) in base 8?
-23626
-40230 (base 8) to base 2
-100000010011000
What is -138 (base 15) in base 10?
-278
-45935 (base 11) to base 8
-201452
-1101001000010 (base 2) to base 6
-51042
What is -1ee5 (base 15) in base 5?
-203430
Convert -2256 (base 7) to base 11.
-690
Convert 2422 (base 10) to base 3.
10022201
What is 1a8c (base 15) in base 9?
7806
32 (base 16) to base 9
55
4c1 (base 16) to base 7
3356
Convert 11110001110 (base 2) to base 11.
14a9
Convert -1962 (base 10) to base 16.
-7aa
Convert -1502 (base 8) to base 13.
-4c2
3720 (base 9) to base 10
2772
What is -30210 (base 7) in base 8?
-16214
1110122 (base 3) to base 6
4542
Convert -3d0d (base 14) to base 9.
-15722
16075 (base 9) to base 2
10101011111011
Convert -1133 (base 6) to base 12.
-1a9
-1103103 (base 5) to base 12
-b101
-1412 (base 7) to base 13
-332
What is -1302 (base 12) in base 13?
-ca4
-67 (base 15) to base 11
-89
What is 4ba (base 15) in base 6?
4551
Convert 1214333 (base 5) to base 4.
11220311
What is -23101 (base 4) in base 8?
-1321
What is 973 (base 14) in base 11?
1446
Convert -1751 (base 8) to base 9.
-1332
102112 (base 3) to base 5
2221
6037 (base 9) to base 12
2674
-120d8 (base 14) to base 16
-ac3e
-8871 (base 11) to base 3
-121001010
-21000 (base 4) to base 10
-576
-20652 (base 12) to base 6
-524142
Convert 1266 (base 7) to base 16.
1e9
Convert 2372 (base 12) to base 2.
111110000110
-fcd0 (base 16) to base 3
-10021210001
What is d7 (base 15) in base 4?
3022
262 (base 12) to base 10
362
Convert -2032 (base 5) to base 10.
-267
What is -100100000011 (base 2) in base 14?
-bab
Convert -25515 (base 6) to base 5.
-110423
What is -12053 (base 8) in base 6?
-35523
Convert -340 (base 8) to base 14.
-120
What is 12032 (base 5) in base 11?
741
a09 (base 12) to base 9
1880
What is 3502 (base 14) in base 4?
2033332
1004 (base 8) to base 3
201010
-13119 (base 10) to base 14
-4ad1
Convert 31 (base 12) to base 7.
52
Convert 2238 (base 9) to base 4.
121313
1765 (base 11) to base 8
4311
Convert -1100044 (base 6) to base 2.
-1101010010111100
What is -556 (base 7) in base 6?
-1154
Convert 6ed5 (base 16) to base 11.
1a354
1517 (base 11) to base 8
3642
What is 11110111000000 (base 2) in base 5?
1001213
Convert 6438 (base 15) to base 7.
115550
-353 (base 12) to base 6
-2143
What is 773 (base 10) in base 14?
3d3
Convert -29d3 (base 16) to base 6.
-121323
What is 3613 (base 9) in base 14?
d9b
Convert 8f8 (base 16) to base 15.
a31
61 (base 14) to base 6
221
-3852 (base 13) to base 3
-101222200
101100 (base 2) to base 12
38
What is 91b1 (base 16) in base 8?
110661
What is 1a92 (base 16) in base 4?
1222102
What is 173e (base 16) in base 7?
23230
Convert -55003 (base 6) to base 15.
-2393
Convert 540015 (base 6) to base 4.
22300223
What is -20083 (base 10) in base 15?
-5e3d
What is 2002120 (base 3) in base 4?
113313
15651 (base 10) to base 7
63426
What is 1843 (base 12) in base 2?
101101110011
Convert 1c6 (base 13) to base 9.
407
What is -136134 (base 7) in base 4?
-12120132
Convert -1220222 (base 3) to base 16.
-57b
What is -2144124 (base 5) in base 14?
-d8c6
Convert -17683 (base 9) to base 13.
-5745
Convert -2333 (base 8) to base 11.
-a30
-4619 (base 10) to base 5
-121434
What is -2c7 (base 14) in base 13?
-348
Convert -41515 (base 6) to base 16.
-15d7
What is -22b (base 15) in base 11?
-407
469 (base 10) to base 11
397
Convert -2121 (base 5) to base 9.
-347
210220022 (base 3) to base 14
5b65
What is -23001 (base 5) in base 4?
-121122
What is 38c7 (base 15) in base 4?
2331100
What is 1053 (base 9) in base 13?
47a
1541 (base 6) to base 10
421
110111000110 (base 2) to base 6
24154
What is -22111210 (base 3) in base 2?
-1100000111100
100110000110 (base 2) to base 15
ac8
-4100 (base 5) to base 15
-250
What is 121023 (base 4) in base 2?
11001001011
-109 (base 12) to base 16
-99
948 (base 15) to base 14
a97
3345 (base 8) to base 15
7ca
What is 59 (base 15) in base 4?
1110
Convert -202 (base 7) to base 4.
-1210
What is -12011 (base 4) in base 8?
-605
4042 (base 5) to base 14
294
-3c49 (base 16) to base 4
-3301021
Convert 12165 (base 7) to base 10.
3183
What is -14321 (base 5) in base 10?
-1211
Convert 20211 (base 3) to base 8.
270
Convert -911 (base 10) to base 7.
-2441
What is 97 (base 13) in base 15?
84
What is -100010000110 (base 2) in base 10?
-2182
Convert -22102112 (base 3) to base 9.
-8375
What is -103e (base 16) in base 6?
-31130
211 (base 3) to base 16
16
What is 240 (base 8) in base 4?
2200
22133 (base 4) to base 2
1010011111
-bc83 (base 15) to base 4
-21300030
-3996 (base 10) to base 14
-1656
What is -631 (base 8) in base 12?
-2a1
Convert 4365 (base 9) to base 8.
6222
10001111100 (base 2) to base 11
954
What is -2016 (base 9) in base 15?
-683
What is -42545 (base 6) in base 12?
-3455
Convert -284 (base 12) to base 8.
-604
What is 57 (base 9) in base 15?
37
What is 5623 (base 10) in base 16?
15f7
-115a (base 13) to base 5
-34231
522 (base 6) to base 5
1234
What is 1043 (base 5) in base 16?
94
What is 1